*f - 128 + v. What is the tens digit of f?
3
Suppose -30 = -24*d + 18*d. Suppose 5*w - 990 = -d*w. What is the units digit of w?
9
What is the tens digit of 82*4/(7 - -1)?
4
Let u(z) = 8*z**2 + 11*z + 9. What is the tens digit of u(-8)?
3
Suppose -3*s - 3*r = -4*r + 190, 0 = -2*r - 10. Suppose 0 = 3*x + 130 - 16. Let m = x - s. What is the units digit of m?
7
Let j(i) = i**3 - 11*i**2 + 11*i - 7. Let t = -10 - -20. Let p be j(t). Suppose -3*q - 2 = 2*v, -p*v + 4*q - 3 = -17. What is the units digit of v?
2
Let x(r) = 2*r + 515. What is the units digit of x(13)?
1
Let j(n) = n + 5. Let v be j(-8). Let s = 26 + v. What is the units digit of s?
3
Let o = 135 + -132. Suppose 4*c = -5*s + 1430, 0*c = o*s - 2*c - 858. What is the tens digit of s?
8
Suppose 0 = 5*i - 352 + 362, -3*d = 4*i - 3664. What is the thousands digit of d?
1
Let s = 12 + -10. Let o be s/(-7) + (-114)/(-7). What is the units digit of 1/(4/o)*3?
2
Let w = -22 - -24. Suppose 0 = -2*i + w*v + 18, i + 3*v + 3 = -8. What is the units digit of 20/4*(i + -3)?
5
Let k(j) = j**3 + 2*j**2 + 7*j - 27. What is the tens digit of k(6)?
0
Suppose -577 = 7*l - 28794. What is the thousands digit of l?
4
Suppose -21 - 31 = -4*m. Let p(q) = q**2 - 14*q + 18. Let c be p(m). What is the units digit of c/15 - (-366)/9?
1
Let n(o) be the first derivative of o**3/3 - 3*o**2 - 4. Let l be n(6). Suppose l = -7*u + 3*u + 72. What is the units digit of u?
8
Let l(u) = -70*u - 22. Let f(s) = 23*s + 7. Let h(t) = -16*f(t) - 5*l(t). What is the tens digit of h(-11)?
9
Let f = 11 - 11. Suppose f*p = p. Suppose -5*h + 20 = 0, -t + 4*h - 2*h + 12 = p. What is the tens digit of t?
2
Suppose -d + 0 + 1 = 0. Suppose -3*b - k = -b, 0 = -3*b - 2*k - d. Let v = b + 2. What is the units digit of v?
3
Let a(l) = -2*l**2 - 2*l - 3. Let t(y) = y**3 + 8*y**2 + 8*y + 12. Let f(j) = -9*a(j) - 2*t(j). Let c be f(4). Let q = -30 - c. What is the tens digit of q?
5
Suppose -6 + 2 = -2*i, 4*i = 4*y - 32. What is the tens digit of (36/y*-2)/((-17)/510)?
1
Let c(f) = -f - 1. Let d(t) = 16*t. Let w(m) = 3*c(m) - d(m). Let u be w(-5). Suppose 4*y + u = 3*k, -k + 2*y = -3*y - 38. What is the tens digit of k?
2
Suppose 5*q - 4*l + 0*l + 21 = 0, 2*q + 4*l - 14 = 0. Let o be (q + 2 - 1)/(-1). Suppose -2*a + 34 + 22 = o. What is the tens digit of a?
2
Let y(p) = p**3 + p**2 - 12*p + 16. What is the tens digit of y(7)?
2
Suppose -1719 = -v + 1517. What is the hundreds digit of v?
2
Let s(n) be the first derivative of n**4/4 + 4*n**3/3 + n + 13. What is the units digit of s(-4)?
1
Suppose 6*s - 5 = -137. What is the units digit of (-1356)/(-26) - s/(-143)?
2
Suppose 0 = g - 4*h - 2027, 4*g - 6848 = 5*h + 1238. What is the hundreds digit of g?
0
Let c(d) = 2*d**2 + d + 34. Let y be ((-58)/(-5))/(20/50). Let m = y + -29. What is the tens digit of c(m)?
3
Let n(p) = 2*p**2 + 2*p + 15. What is the tens digit of n(13)?
7
Suppose 341 = 2*o - 175. Let s = 109 - 105. Suppose s*y + o = 5*r, 5*y - 198 = -4*r + 4*y. What is the tens digit of r?
5
Suppose -3*y + k = -2*y - 71, 4*y = 5*k + 282. Suppose -l - 2*l + 5*z + y = 0, 4*l - z - 69 = 0. Suppose -l - 42 = -2*v. What is the units digit of v?
9
Let j(t) = t**3 - 5*t**2 - 9*t + 4. Let l be j(6). Let b be l/(-6)*(-18)/(-1). Suppose b = u + u. What is the units digit of u?
1
Let l = 1784 - -1060. What is the units digit of l?
4
Suppose s - 411 = 8*p - 3*p, -4*p = 5*s - 1968. What is the tens digit of s?
9
Suppose -4*d + 3*v + 10 = 4*v, 3*d = v + 4. Suppose -k + 2*k - 290 = -2*i, -d*i + 5*k + 266 = 0. What is the tens digit of i?
4
Let t(a) = 2*a**2 - 8*a + 9. Let q be 9 - 5 - (-4 - -2). What is the tens digit of t(q)?
3
What is the units digit of 1/(-2) - (-11)/(308/28630)?
2
Let u be (8/(-14) - 10/(-140))*0. Suppose 4*w + 4 = u, 3*k - 4*w + 56 = 213. What is the units digit of k?
1
Let y = -439 - -662. What is the hundreds digit of y?
2
Let z(r) = r**2 + 5*r - 2. Let x be z(-6). Suppose 4*o - 40 = x. Suppose 0 = 3*m - o - 13. What is the units digit of m?
8
Suppose -57*d + 61*d - 2864 = 0. What is the units digit of d?
6
Suppose 0 = -5*z - 0*z. Suppose z = 2*s - 3*s + 88. What is the tens digit of s?
8
What is the tens digit of (-1 - 1)*2439/(-18)?
7
Let o = -24 - -24. Suppose 2*h - 4*y - 44 = o, -11 = 5*h + 2*y - 133. What is the tens digit of h/(-156) + (-446)/(-26)?
1
Let z(l) = -l**3 - 4*l**2 - 1. Let i be z(-4). What is the tens digit of (-48)/36*15*i?
2
Suppose f = -4*l + 7272 + 2456, 5*f + 9704 = 4*l. What is the thousands digit of l?
2
Let q(f) = 57*f - 1. Let h be q(-1). Let k = h + 18. Let u = -23 - k. What is the units digit of u?
7
Let r be -56 - -3*(-3)/(-3). Let y = 22 + r. Let w = y + 77. What is the units digit of w?
6
Suppose -5*v + 4*n = 16, 8*n = -2*v + 4*n - 12. What is the units digit of (2/v)/(12/(-408))?
7
Suppose 6 = 4*j - 2*x, 0*x = -2*x + 6. Suppose 10 - 4 = j*w. Suppose 4*g = 6 - w. What is the units digit of g?
1
Suppose 28*o + 33*o = 93269. What is the tens digit of o?
2
Let u(l) = -6*l - 53. What is the units digit of u(-28)?
5
Let x be (-1)/(-1)*(3 - -1). Suppose -5*p - k + 178 = -3*p, x*p - 356 = 3*k. What is the tens digit of p?
8
Let v(a) = -11*a**3 + 45*a**2 - 9*a - 32. Let w(g) = -4*g**3 + 15*g**2 - 3*g - 11. Let l(z) = -3*v(z) + 8*w(z). What is the units digit of l(15)?
3
Let l(t) = t**3 - 4*t**2 + 3*t + 3. Let s be l(3). Let g(h) = 35*h + 2. What is the units digit of g(s)?
7
Suppose -5*x + 3*s - 2636 + 251 = 0, 2*x + 954 = s. Let r = x + 782. What is the units digit of r?
5
Let t be (-443)/(-4) - 1/(-4). Suppose 0 = -3*h - 3, 7*h = f + 4*h - t. What is the hundreds digit of f?
1
Suppose 0 = v - 4, -3*v = -5*g + 2437 + 6201. What is the tens digit of g?
3
Let s(v) = -46*v - 4. Let m(f) = 138*f + 13. Let y(t) = 2*m(t) + 7*s(t). What is the units digit of y(-2)?
0
Let g(z) = -172*z + 595. What is the hundreds digit of g(-19)?
8
Let i(d) = 3*d - 12. Let k(h) = -15*h**2 + 4*h + 19. Let b(s) = 7*s**2 - 2*s - 9. Let u(l) = 13*b(l) + 6*k(l). Let f be u(-3). What is the tens digit of i(f)?
2
Suppose m = -5*y + 259 + 526, 2*m - 2*y - 1606 = 0. What is the hundreds digit of m?
8
Let p(f) = 24*f**2 - 12*f - 87. What is the hundreds digit of p(-5)?
5
Suppose -35 = -4*s - s. Let d be 1/2 - s/14. Suppose 3*x + 15 - 57 = d. What is the tens digit of x?
1
Suppose -4*y - 199 = -5*w, 13 + 30 = w - 4*y. Suppose -k = -2*v + w, -5*v + 0*k + 90 = -4*k. What is the tens digit of (-8)/44 + 796/v?
3
Suppose -3*w + 300 = 2*w. Let m(a) = -a**2 + 6*a + 32. Let r be m(7). What is the tens digit of 3/(w/32)*r?
4
Suppose -5*c - 4 = -9*c. Let j(o) = 203*o - 1. Let k be j(c). Suppose 30 = -4*t + k. What is the tens digit of t?
4
Suppose -5*i - 4*c = -540, 5*i + 2*c - 535 = -c. Let a be (-16)/i - 67/(-13). What is the units digit of 216/10 + (-3)/a?
1
Let i = -263 - -673. What is the hundreds digit of i?
4
Let q = -12 + 8. What is the tens digit of ((-9)/15)/(q/500)?
7
Let c = 2 + 8. Let y = 10 - c. Let g = y + 20. What is the units digit of g?
0
Suppose 7*p = 2 + 12. What is the tens digit of 7 + 56 - (p - 0)?
6
Let b(o) = 6*o + 7. Let m be b(-8). Let w = m - -76. Suppose 0 = 2*i - 7*i + w. What is the units digit of i?
7
Let g = 2261 - 1096. What is the tens digit of g?
6
Let j(x) = -125*x - 72. What is the tens digit of j(-6)?
7
Suppose 4*a - 7*w + 3*w - 12 = 0, -3*a = -5*w - 15. Suppose 132 = -a*m + 2*m. Suppose 5*o = 3*f - m, -2*f + o + 73 = 22. What is the units digit of f?
7
Suppose 10 = 3*k + 2*k. Suppose 0 = -k*l - 2*z + 300, 3*z = 3*l - 0*z - 426. Let c = -84 + l. What is the tens digit of c?
6
Suppose 0 = -3*b + 20*b + 17. Let d = -6 - 6. What is the units digit of ((-78)/d)/(b/(-6))?
9
What is the hundreds digit of (-1)/(-2 - (-465)/233)?
2
Let r(v) = v**2 - 6*v + 4. Let f be r(6). Suppose l - 6 - 1 = -m, -3*m = 4*l - 25. Suppose -m*p = -f*p + 6. What is the units digit of p?
6
Suppose -27*r + 16082 + 3385 = 0. What is the units digit of r?
1
Let a(x) = -36*x**3 - 2*x - 1. Let y be a(-1). Suppose 3*p + y = 232. Suppose 15 = 4*v - p. What is the units digit of v?
0
Suppose -8*c + 5518 = -12178. What is the units digit of c?
2
Let l(j) = -2*j + 30. Let k be l(-9). Suppose r - 30 = -5*p - 4*r, 5*p - k = 4*r. What is the units digit of p?
8
Let g = 734 + 102. What is the units digit